1 + -2 + 2 + (1 - 3).
-3
8 - (4 + 7 + 5)
-8
What is 0 + -1 - (-64 - -69)?
-6
What is 6 - (1 + 2 + 1)?
2
What is 1 + (9 - 1 - 4)?
5
Calculate 3 + 1 - (7 + -6).
3
Calculate 8 + (-5 + 6 - 16).
-7
Evaluate 4 - (5 + (0 + -2 - 0)).
1
What is -3 - (1 + (-8 - (5 + -9)))?
0
What is the value of -4 + (2 + 0 - 3)?
-5
What is 13 - (2 + 1 + (-6 - -9))?
7
Calculate 5 + 0 + -5 + (4 - 0).
4
What is the value of -13 + (0 - -5) - (24 + -31)?
-1
Calculate (-1 - -9) + -4 - -1.
5
What is 0 + 9 + -6 + 2?
5
What is the value of -10 + -5 + 8 + 2?
-5
What is the value of -5 + (6 + -1 - (94 - 93))?
-1
What is the value of -8 - (-6 - -3 - (4 + -1))?
-2
Calculate 4 + (-5 - -5 - 5) - 4.
-5
Calculate -8 + (7 - -7) - 6.
0
Evaluate 4 + -4 + 6 - -1 - 3.
4
What is the value of (5 - (6 + -8)) + -4?
3
Calculate -3 - (-9 + 4 + -3).
5
Evaluate -8 + 18 - (-1 + 5 + -1).
7
What is the value of -5 + -1 - -12 - 5?
1
Evaluate -4 + (-9 + 7 + -5 - -12).
1
(-7 - -2) + (2 - 0) + -1
-4
0 - -10 - (6 - -1)
3
What is (8 - (-9 + 5 + 5)) + -8?
-1
What is the value of 3 + (32 - 29) + (-11 - -1)?
-4
What is -5 - -1 - (-1 - 2)?
-1
What is 0 + 4 + -9 + 2?
-3
What is the value of (2 - 2) + (15 - 14 - 0)?
1
What is 6 + -11 - ((-6 - -8) + 4)?
-11
Calculate 3 - ((-1 - -6) + -3).
1
Evaluate -2 - (0 - -1) - (-14 + 14).
-3
What is 13 + (2 - 0) - 8?
7
Calculate -3 - (4 + 0 + (-2 - 1)).
-4
Evaluate 5 - (-6 - -7) - 0.
4
What is 7 - (-7 + 3) - 6?
5
(3 - -5) + -6 - (-1 - -2)
1
What is the value of (52 - 58) + 0 + 2 + 5?
1
What is -3 + 4 + (-3 - (0 - -5))?
-7
What is the value of 1 + (0 - 1) + (-43 - -47)?
4
What is the value of 2 - (5 + -1) - (-4 - -1)?
1
Evaluate (0 + -13 - -9) + -4.
-8
What is the value of 3 + (29 - 26) + (-1 - 8)?
-3
Calculate -1 - (4 + -1 + -4).
0
2 + (1 - -3) + 2 + -12
-4
What is the value of 4 + (0 - (10 + -8))?
2
-7 - -5 - (0 - -2)
-4
What is the value of -3 + -3 + -4 - -5?
-5
Calculate -4 + 16 + 12 + -23.
1
What is the value of 0 + -1 - (-8 + 7)?
0
Evaluate (-5 - -3) + 6 + -9.
-5
-3 + (1 - -2) + -9 + 8
-1
What is -17 + 16 - (0 - 0 - 5)?
4
Evaluate -3 + 10 + (-5 - -1).
3
-3 - (-8 + 8 + -4)
1
Calculate 2 - -9 - (-4 - -4 - -6).
5
What is -13 - (9 - (9 + 11))?
-2
What is -1 - (1 + -6 + 2)?
2
(-5 - (-4 - -9)) + 3
-7
What is the value of (-2 - ((5 - 4) + -1)) + -5?
-7
0 + (-2 - -2) + 4
4
Calculate (-2 - 0) + -15 + 12.
-5
Evaluate 4 + 4 + -9 + 2 - 0.
1
(0 - 2) + (-6 - -10)
2
What is the value of -30 + 34 - (7 + 0)?
-3
What is 1 + -5 - (-5 + 3 + -3)?
1
Evaluate 2 + (4 + 1 - 1 - 1).
5
5 + 3 + -1 + 2
9
Evaluate 6 + -5 - (-4 - -8 - 2).
-1
-2 + (-7 - (2 - 4 - 4))
-3
What is the value of 5 + -2 + 0 + -4 + 6?
5
Evaluate -23 + 19 + 9 + 1 - 3.
3
What is the value of -8 + 5 - (-2 + -8 + 1)?
6
-2 + (-6 - -1) + -9 + 12
-4
Calculate -9 - 0 - (-66 - -57).
0
Evaluate 10 + (-2 - 4) + 1 + -10.
-5
What is the value of 81 - 77 - (1 - (2 - 0))?
5
3 - (7 - 2) - 3
-5
(-1 - 1) + (4 - 1)
1
2 + (-2 - 3 - -6)
3
What is the value of -10 - -9 - ((1 - -1) + 1)?
-4
Evaluate -15 - 2 - (-32 + 22).
-7
0 + (1 + 1 - -1)
3
5 - 5 - (0 - 0)
0
0 - ((4 - (0 + 2)) + -4)
2
What is the value of -4 - -2 - 7 - -15?
6
Evaluate (-19 - -10) + 7 + 7.
5
What is (-2 - (-1 - -4) - -4) + 2?
1
-1 + 0 + -1 + 2
0
Calculate (-7 + 5 - -5 - 0) + -10.
-7
Calculate (-3 - -1) + (-1 - -2).
-1
What is the value of -4 + -1 + (4 - (4 + -5))?
0
Evaluate -3 + (0 - 0 - (3 - 1)).
-5
-1 + (2 - -2 - 7)
-4
What is the value of -10 + (3 - -9) - (-3 - 0)?
5
What is the value of 0 + -3 - (-12 - -9)?
0
-6 + 1 + 3 + 5
3
What is (-8 - -5) + -3 + 2?
-4
What is -1 + 4 + (-3 - -3)?
3
What is the value of (-2 - 2) + (2 + 4 - 4)?
-2
Evaluate 2 + (-7 - -3) + 0.
-2
Calculate -2 + (-10 + 5 - -4).
-3
-2 + (1 - 3) - -8
4
Calculate -4 + (19 - 8) + -10.
-3
Calculate -6 + (0 - (-4 + 4 - 3)).
-3
Calculate (1 - (1 - -3)) + 0.
-3
Calculate -11 + (-8 + -1 - -13).
-7
What is 0 + (-10 - (0 - (-3 - -5)))?
-8
Evaluate (-26 + 13 - -12) + -4.
-5
Evaluate (8 + -3 - -3) + -11.
-3
What is -7 + (-13 - -7) + 10?
-3
-1 - (8 + -5 - 2 - -3)
-5
(-2 + -1 + -1 - -4) + 4
4
What is the value of -2 + (2 - (1 + (-1 - -3)))?
-3
-1 + (-2 - ((3 - 3) + -2))
-1
Calculate -1 + 5 + -4 + (9 - 5).
4
Calculate 1 + -4 - (-11 + -8 - -16).
0
What is 0 - (1 + 0) - (-6 + 9)?
-4
28 + -21 - (3 + 2 + -1)
3
Calculate (7 - (4 + -1)) + 1.
5
(1 - 1) + (1 - 5)
-4
-5 + 6 - (2 + 3)
-4
What is the value of -83 + 91 + (-1 - -1)?
8
-11 - ((-8 - -19) + -28)
6
5 + (0 + -12 - -2)
-5
What is the value of 1 + -2 + -3 + 3 + 2?
1
Calculate (-2 - (0 - 5)) + -2 + -1.
0
What is the value of -13 + -2 + 9 - (0 + -1)?
-5
Evaluate -2 - (0 - 5 - (-4 + 4)).
3
Calculate 8 + -2 + 2 + -9.
-1
What is 5 - (6 - 3 - -2)?
0
2 - (3 + -8 - -15)
-8
What is -4 - ((3 - -4) + 0 + -3)?
-8
6 - 5 - (-3 + (2 - -4))
-2
Evaluate -16 + 8 - (-2 - 1).
-5
Calculate -3 + (14 - -1) + (-28 - -21).
5
Calculate 2 + -8 - (-10 - -4).
0
What is (-1 - 5 - 4) + 7 - 5?
-8
(-2 - -9) + -15 - -1
-7
Evaluate -2 + (4 - 2) + -6 + 2.
-4
Calculate ((4 - 3) + -2 - -1) + 1.
1
What is 1 + 0 + -4 + 5 + -4?
-2
Evaluate 0 + (0 + 1 - 1) + -1.
-1
2 + (-4 - (-8 - -3) - -2)
5
Evaluate -2 + (6 - (0 + (2 - 4))).
6
What is the value of -3 - -2 - (14 + -20)?
5
What is -3 - (2 - (-2 + (2 - -1)))?
-4
What is the value of -3 - (3 + 1 + -6)?
-1
What is the value of -4 + 5 + 1 + 0 - 3?
-1
What is the value of 239 + -247 - (-1 - -1)?
-8
3 + (7 - 5) + -10 + -1
-6
What is -8 + (-2 - -9 - (-6 + 9))?
-4
Evaluate 7 + -3 - (3 - 3).
4
Evaluate 0 - -4 - -2 - 7.
-1
Evaluate -3 + -2 + 1 + (12 - 4).
4
-6 + -3 + 9 - (1 - 6)
5
Evaluate 7 + -4 + (0 - (1 - 4)).
6
What is the value of 0 + (2 - (0 - -1)) + 2?
3
What is (0 - -6) + (3 - 7)?
2
Calculate 1 + -10 + 16 - 6.
1
(-1 + 1 - 1) + 3 + -7
-5
Evaluate (-2 + -3 - -5) + 1.
1
Calculate -4 - ((-4 - -8) + -10).
2
(-1 - (2 + 0)) + 1
-2
What is the value of 5 - (-1 + (5 - 2))?
3
2 + 1 + (-1 - -5) + -2
5
Evaluate 6 - -6 - 8 - -2.
6
Calculate 2 + (-3 - -6 - 2 - -1).
4
What is the value of -5 - (-3 - (10 + -5))?
3
(0 - (6 + -1 + 2)) + 0
-7
Calculate 0 + 0 - (-4 - (-5 + 0)).
-1
-1 + -7 + (-33 - -41)
0
What is the value of -4 - ((-10 - (-9 - -4)) + -1)?
2
3 + 2 + -8 - (-1 - 5)
3
2 - 0 - (1 + (-1 - 1))
3
What is -5 + 11 - 0 - 8?
-2
7 + -2 - -7 - 21
-9
1 + 4 - (-3 + -20 + 22)
6
5 + (-20 - (-24 - -12))
-3
Evaluate (-1 - -4 - -3 - 7) + 0.
-1
Evaluate 8 - (4 - (-7 + (-4 - -11))).
4
Evaluate 7 + -19 + -1 - (2 + -7).
-8
(-1 - (-6 - -2)) + 1
4
(16 - (-1 + 13)) + (0 - 9)
-5
What is the value of 1 + (-2 - ((-3 - 0) + 7))?
-5
Evaluate 3 - 6 - (3 - 2).
-4
What is the value of -100 + 103 + 1 + (-1 - 8)?
-5
(0 - -4) + (5 - (-7 + 14))
2
What is the value of -1 - 0 - 3 - (-9 + 12)?
-7
Calculate 4 - (-2 - (2 + (-4 - 1))).
3
Evaluate -8 + 0 + (-4 - -4 - -2).
-6
What is the value of -4 - (-15 - (2 - 7))?
6
Calculate 18 + (-10 - 3) - 10.
-5
What is 14 + -17 - (2 - 0)?
-5
Evaluate 113 - 116 - (1 + -7 + 2).
1
1 + (2 - -7) - 1
9
-5 + 0 + (3 - (-3 - 4))
5
What is 1 - (2 + (-1 - 2))?
2
What is (1 - 6) + (7 - 4)?
-2
What is (26 - 27) + 1 + 1 + 2?
3
What is (4 - 1 - (5 + 1)) + 7?
4
Evaluate 5 + -11 + (4 - -1).
-1
1 - ((3 - 1) + -6)
5
Calculate -4 - -2 - (-10 - -4).
4
What is (0 - 3) + (-3 - -5) + -4?
-5
What is -187 + 189 + (0 + 1 - 11)?
-8
(2 - 9 - -10) + -6 + 2
-1
What is the value of 0 - (3 + -7) - (1 + 3)?
0
What is -2 + (14 - 10) - 6?
-4
-5 - (8 + -8 - (5 + 0))
0
-4 + (7 - 1) + 0
2
What is the value of (1 - -6 - 12) + -3 + 3?
-5
Calculate 0 - 1 - (-2 - (-3 - -1)).
-1
Calculate 3 - (-2 + (5 + -6 - -16)).
-10
What is (-1 - (-7 + 3 + 3)) + 2?
2
3 + (-3 - -2) + -8
-6
What is -2 - (11 + -6 + -4)?
-3
Evaluate -2 + -3 + 1 + 10.
6
Calculate 0 - (7 + -1 - 4).
-2
What is -1 + (4 - 10) - -10?
3
Calculate 3 + (9 - 18) + 5.
-1
What is the value of 0 + 0 - (-1 + -1 - -5)?
-3
What is the value of -22 + 29 - (-1 + 1) - 13?
-6
What is (2 - 1) + 5 - (-3 + 13)?
-4
Calculate 7 - 7 - (-1 + 5) - -5.
1
What is 3 + (4 - 2) - (-20 - -30)?
-5
What is the value of 1 + -1 - 4 - (41 - 42)?
-3
Evaluate -9 - (8 - (-6 - -16)).
-7
Calculate -5 + (-3 - 0) + 4.
-4
Evaluate (-1 - (9 - 7)) + 3.
0
What is 1 - (1 - (1 - (3 + -2)))?
0
What is (18 - 12) + (1 - 12)?
-5
Evaluate (10 - 2 - 6) + -4.
-2
Evaluate 1 + -26 + 9 - -12.
-4
What is 1 + 5 - (2 + -1 + 2)?
3
What is the value of 0 + (-2 - -4) + -4 - -1?
-1
Calculate 1 + -6 - (-15 + 9).
1
What is